{"id":171,"date":"2025-06-02T15:53:03","date_gmt":"2025-06-02T18:53:03","guid":{"rendered":"https:\/\/labcms.eci.ufmg.br\/literaturalgbtqia\/?page_id=171"},"modified":"2025-06-16T16:10:24","modified_gmt":"2025-06-16T19:10:24","slug":"sobre-nos","status":"publish","type":"page","link":"https:\/\/labcms.eci.ufmg.br\/literaturalgbtqia\/sobre-nos\/","title":{"rendered":"Sobre n\u00f3s"},"content":{"rendered":"\n<p>Mayara Martins &#8211; Criadora do projeto<\/p>\n\n\n\n<figure class=\"wp-block-image size-full is-resized\"><img loading=\"lazy\" decoding=\"async\" width=\"144\" height=\"187\" src=\"https:\/\/labcms.eci.ufmg.br\/literaturalgbtqia\/wp-content\/uploads\/sites\/64\/2025\/06\/Captura-de-tela-2025-06-16-160928.png\" alt=\"\" class=\"wp-image-2214\" style=\"width:213px;height:auto\" \/><\/figure>\n\n\n\n<p>Aluna de Biblioteconomia na Universidade Federal de Minas Gerais, bolsista do projeto de extens\u00e3o carro-biblioteca e intregrante do projeto de Biblioterapia no carro-biblioteca, \u00e9 apaixonada por literatura, artista nas horas vagas e compartilha sua vida como estudante de biblioteconomia no seu perfil @mayybiblio. <\/p>\n\n\n\n<p>Lorena Tavares &#8211; Orientadora do projeto<\/p>\n\n\n\n<figure class=\"wp-block-image size-full is-resized\"><img loading=\"lazy\" decoding=\"async\" width=\"420\" height=\"368\" src=\"https:\/\/labcms.eci.ufmg.br\/literaturalgbtqia\/wp-content\/uploads\/sites\/64\/2025\/06\/lorena.png\" alt=\"\" class=\"wp-image-2213\" style=\"width:255px;height:auto\" srcset=\"https:\/\/labcms.eci.ufmg.br\/literaturalgbtqia\/wp-content\/uploads\/sites\/64\/2025\/06\/lorena.png 420w, https:\/\/labcms.eci.ufmg.br\/literaturalgbtqia\/wp-content\/uploads\/sites\/64\/2025\/06\/lorena-300x263.png 300w, https:\/\/labcms.eci.ufmg.br\/literaturalgbtqia\/wp-content\/uploads\/sites\/64\/2025\/06\/lorena-205x180.png 205w\" sizes=\"auto, (max-width: 420px) 100vw, 420px\" \/><\/figure>\n\n\n\n<p>Bibliotec\u00e1ria, Mestre e Doutora em ci\u00eancia da informa\u00e7\u00e3o pela Universidade Federal de Minas Gerais, atua como professora do curso de biblioteconomia na Escola de Ci\u00eancias da Informa\u00e7\u00e3o, desenvolve projetos de pesquisa sobre Fontes e Recursos de Informa\u00e7\u00e3o no contexto da p\u00f3s modernidade, coordena o Observat\u00f3rio Fake News. Nas horas vagas gosta de boas companhias e um bom vinho. <\/p>\n","protected":false},"excerpt":{"rendered":"<p>Mayara Martins &#8211; Criadora do projeto Aluna de Biblioteconomia na Universidade Federal de Minas Gerais, bolsista do projeto de extens\u00e3o carro-biblioteca e intregrante do projeto de Biblioterapia no carro-biblioteca, \u00e9 apaixonada por literatura, artista nas horas vagas e compartilha sua vida como estudante de biblioteconomia no seu perfil @mayybiblio. Lorena Tavares &#8211; Orientadora do projeto [&hellip;]<\/p>\n","protected":false},"author":101,"featured_media":0,"parent":0,"menu_order":0,"comment_status":"closed","ping_status":"closed","template":"","meta":{"footnotes":""},"class_list":["post-171","page","type-page","status-publish","hentry"],"_links":{"self":[{"href":"https:\/\/labcms.eci.ufmg.br\/literaturalgbtqia\/wp-json\/wp\/v2\/pages\/171","targetHints":{"allow":["GET"]}}],"collection":[{"href":"https:\/\/labcms.eci.ufmg.br\/literaturalgbtqia\/wp-json\/wp\/v2\/pages"}],"about":[{"href":"https:\/\/labcms.eci.ufmg.br\/literaturalgbtqia\/wp-json\/wp\/v2\/types\/page"}],"author":[{"embeddable":true,"href":"https:\/\/labcms.eci.ufmg.br\/literaturalgbtqia\/wp-json\/wp\/v2\/users\/101"}],"replies":[{"embeddable":true,"href":"https:\/\/labcms.eci.ufmg.br\/literaturalgbtqia\/wp-json\/wp\/v2\/comments?post=171"}],"version-history":[{"count":3,"href":"https:\/\/labcms.eci.ufmg.br\/literaturalgbtqia\/wp-json\/wp\/v2\/pages\/171\/revisions"}],"predecessor-version":[{"id":2215,"href":"https:\/\/labcms.eci.ufmg.br\/literaturalgbtqia\/wp-json\/wp\/v2\/pages\/171\/revisions\/2215"}],"wp:attachment":[{"href":"https:\/\/labcms.eci.ufmg.br\/literaturalgbtqia\/wp-json\/wp\/v2\/media?parent=171"}],"curies":[{"name":"wp","href":"https:\/\/api.w.org\/{rel}","templated":true}]}}