{"id":270,"date":"2025-06-04T20:21:56","date_gmt":"2025-06-04T23:21:56","guid":{"rendered":"https:\/\/labcms.eci.ufmg.br\/mercadonovo\/?page_id=270"},"modified":"2025-06-17T00:29:33","modified_gmt":"2025-06-17T03:29:33","slug":"inicio","status":"publish","type":"page","link":"https:\/\/labcms.eci.ufmg.br\/mercadonovo\/","title":{"rendered":"IN\u00cdCIO"},"content":{"rendered":"\n<h2 class=\"wp-block-heading has-text-color has-link-color wp-elements-3c68510c7abb13044f6c4ac564279a2d\" style=\"color:#690505\">MERCADO NOVO<\/h2>\n\n\n\n<figure class=\"wp-block-image size-full is-style-default\"><img loading=\"lazy\" decoding=\"async\" width=\"845\" height=\"397\" src=\"https:\/\/labcms.eci.ufmg.br\/mercadonovo\/wp-content\/uploads\/sites\/63\/2025\/06\/aiai.png\" alt=\"MERCADO NOVO\" class=\"wp-image-127\" srcset=\"https:\/\/labcms.eci.ufmg.br\/mercadonovo\/wp-content\/uploads\/sites\/63\/2025\/06\/aiai.png 845w, https:\/\/labcms.eci.ufmg.br\/mercadonovo\/wp-content\/uploads\/sites\/63\/2025\/06\/aiai-300x141.png 300w, https:\/\/labcms.eci.ufmg.br\/mercadonovo\/wp-content\/uploads\/sites\/63\/2025\/06\/aiai-768x361.png 768w, https:\/\/labcms.eci.ufmg.br\/mercadonovo\/wp-content\/uploads\/sites\/63\/2025\/06\/aiai-205x96.png 205w, https:\/\/labcms.eci.ufmg.br\/mercadonovo\/wp-content\/uploads\/sites\/63\/2025\/06\/aiai-480x226.png 480w\" sizes=\"auto, (max-width: 845px) 100vw, 845px\" \/><\/figure>\n\n\n\n<blockquote class=\"wp-block-quote alignwide is-style-default has-large-font-size is-layout-flow wp-container-core-quote-is-layout-1 wp-block-quote-is-layout-flow\" style=\"margin-top:var(--wp--preset--spacing--70);margin-right:var(--wp--preset--spacing--70);margin-bottom:var(--wp--preset--spacing--70);margin-left:var(--wp--preset--spacing--70);padding-top:var(--wp--preset--spacing--70);padding-right:var(--wp--preset--spacing--60);padding-bottom:var(--wp--preset--spacing--70);padding-left:var(--wp--preset--spacing--60)\">\n<p class=\"is-style-plain\">Constru\u00eddo em 1960 como uma proposta de substitui\u00e7\u00e3o do tradicional Mercado Central de Belo Horizonte, o Mercado Novo passou por diversas transforma\u00e7\u00f5es ao longo de sua trajet\u00f3ria, ressignificando-se como um espa\u00e7o cultural que articula mem\u00f3ria e modernidade. Apesar de sua localiza\u00e7\u00e3o estrat\u00e9gica na regi\u00e3o central da capital mineira, o local enfrentou, durante d\u00e9cadas, um processo de marginaliza\u00e7\u00e3o. O decl\u00ednio de sua imagem p\u00fablica, somado a fatores como viol\u00eancia urbana, consumo de drogas e abandono da infraestrutura, fez com que o Mercado fosse, por muito tempo, associado \u00e0 decad\u00eancia e \u00e0 informalidade.&nbsp; <\/p>\n\n\n\n<p class=\"is-style-plain\">Por volta de 2010, o Mercado Novo iniciou um processo de revitaliza\u00e7\u00e3o espont\u00e2nea, tornando-se um polo de inova\u00e7\u00e3o cultural, gastron\u00f4mica e art\u00edstica. Atualmente, o local abriga uma diversidade de atividades, que v\u00e3o desde gr\u00e1ficas, oficinas e sebos at\u00e9 bares contempor\u00e2neos, galerias e restaurantes autorais. Esse movimento reconfigurou a imagem do Mercado, transformando o local em um dos principais pontos de encontro da juventude belo-horizontina e em destino tur\u00edstico para visitantes de v\u00e1rias regi\u00f5es do pa\u00eds. Esse processo de ressignifica\u00e7\u00e3o foi impulsionado pela ocupa\u00e7\u00e3o criativa de empreendedores locais, artistas e coletivos que viram no Mercado Novo um espa\u00e7o f\u00e9rtil para experimenta\u00e7\u00f5es e conex\u00f5es. Sem interven\u00e7\u00f5es diretas do poder p\u00fablico, a revitaliza\u00e7\u00e3o ocorreu de forma org\u00e2nica, a partir de uma valoriza\u00e7\u00e3o da autenticidade, da cultura local e do fazer artesanal. <\/p>\n\n\n\n<p class=\"is-style-plain\">Hoje, o Mercado representa um s\u00edmbolo da nova cena urbana de Belo Horizonte, ao mesmo tempo em que preserva aspectos hist\u00f3ricos e populares da cidade. O encontro entre o tradicional e o contempor\u00e2neo se reflete n\u00e3o apenas na arquitetura preservada dos anos 1960, mas tamb\u00e9m na conviv\u00eancia entre antigos comerciantes e novos empreendimentos, compondo um ecossistema plural e din\u00e2mico. Mais do que um espa\u00e7o comercial, o Mercado Novo consolidou-se como um territ\u00f3rio de express\u00e3o cultural e de resist\u00eancia criativa, onde a mem\u00f3ria coletiva da cidade se reinventa constantemente.<\/p>\n\n\n\n<p><\/p>\n\n\n\n<hr class=\"wp-block-separator has-alpha-channel-opacity\" \/>\n\n\n\n<p>O Mercado Novo est\u00e1 localizado no endere\u00e7o Avenida Oleg\u00e1rio Maciel, 742 &#8211; Belo Horizonte \/ Rua Rio Grande do Sul, 505 &#8211;  Belo Horizonte.<\/p>\n\n\n\n<p>Fique por dentro das atualiza\u00e7\u00f5es e atividades do Mercado Novo seguindo o perfil oficial no Instagram <strong>@MercadoNovoBH<\/strong>.<\/p>\n<\/blockquote>\n\n\n\n<p class=\"has-text-align-right\"><\/p>\n","protected":false},"excerpt":{"rendered":"<p>MERCADO NOVO<\/p>\n","protected":false},"author":90,"featured_media":0,"parent":0,"menu_order":0,"comment_status":"closed","ping_status":"closed","template":"page-templates\/landing-breadcrumb.php","meta":{"footnotes":""},"class_list":["post-270","page","type-page","status-publish","hentry"],"_links":{"self":[{"href":"https:\/\/labcms.eci.ufmg.br\/mercadonovo\/wp-json\/wp\/v2\/pages\/270","targetHints":{"allow":["GET"]}}],"collection":[{"href":"https:\/\/labcms.eci.ufmg.br\/mercadonovo\/wp-json\/wp\/v2\/pages"}],"about":[{"href":"https:\/\/labcms.eci.ufmg.br\/mercadonovo\/wp-json\/wp\/v2\/types\/page"}],"author":[{"embeddable":true,"href":"https:\/\/labcms.eci.ufmg.br\/mercadonovo\/wp-json\/wp\/v2\/users\/90"}],"replies":[{"embeddable":true,"href":"https:\/\/labcms.eci.ufmg.br\/mercadonovo\/wp-json\/wp\/v2\/comments?post=270"}],"version-history":[{"count":20,"href":"https:\/\/labcms.eci.ufmg.br\/mercadonovo\/wp-json\/wp\/v2\/pages\/270\/revisions"}],"predecessor-version":[{"id":1493,"href":"https:\/\/labcms.eci.ufmg.br\/mercadonovo\/wp-json\/wp\/v2\/pages\/270\/revisions\/1493"}],"wp:attachment":[{"href":"https:\/\/labcms.eci.ufmg.br\/mercadonovo\/wp-json\/wp\/v2\/media?parent=270"}],"curies":[{"name":"wp","href":"https:\/\/api.w.org\/{rel}","templated":true}]}}